usands digit of 431880821?
8
What is the hundred thousands digit of 67244685?
2
What is the thousands digit of 308963194?
3
What is the units digit of 2907026923?
3
What is the hundred millions digit of 394609405?
3
What is the thousands digit of 5824894?
4
What is the millions digit of 40856641?
0
What is the tens digit of 125397820?
2
What is the ten millions digit of 580374232?
8
What is the hundreds digit of 1205060378?
3
What is the ten millions digit of 130285883?
3
What is the tens digit of 291603763?
6
What is the ten millions digit of 65215232?
6
What is the thousands digit of 37456386?
6
What is the thousands digit of 7958206291?
6
What is the tens digit of 432544574?
7
What is the units digit of 996801874?
4
What is the units digit of 65596611?
1
What is the ten millions digit of 103652298?
0
What is the ten millions digit of 893565494?
9
What is the thousands digit of 474745991?
5
What is the ten thousands digit of 165193796?
9
What is the billions digit of 4310129442?
4
What is the millions digit of 1855359589?
5
What is the tens digit of 1896414962?
6
What is the hundreds digit of 841335133?
1
What is the hundreds digit of 609351791?
7
What is the thousands digit of 1322985464?
5
What is the ten thousands digit of 120848915?
4
What is the billions digit of 1449765501?
1
What is the millions digit of 2887647916?
7
What is the thousands digit of 556874264?
4
What is the units digit of 139367856?
6
What is the thousands digit of 201799244?
9
What is the ten millions digit of 139385740?
3
What is the units digit of 31795878?
8
What is the ten millions digit of 599888380?
9
What is the hundred thousands digit of 153683908?
6
What is the hundred thousands digit of 817840093?
8
What is the hundred thousands digit of 1513624044?
6
What is the millions digit of 2387513899?
7
What is the ten thousands digit of 20168858?
6
What is the hundred thousands digit of 66150074?
1
What is the millions digit of 1573065115?
3
What is the hundred millions digit of 830697000?
8
What is the ten thousands digit of 4604461747?
6
What is the millions digit of 1180758565?
0
What is the hundred thousands digit of 50875257?
8
What is the ten millions digit of 671260024?
7
What is the hundred millions digit of 164779226?
1
What is the ten thousands digit of 2037330216?
3
What is the hundreds digit of 55466333?
3
What is the units digit of 998114959?
9
What is the tens digit of 141329437?
3
What is the tens digit of 181940403?
0
What is the hundred thousands digit of 304810152?
8
What is the thousands digit of 49308226?
8
What is the hundred thousands digit of 84855787?
8
What is the ten thousands digit of 9045933?
4
What is the millions digit of 72868928?
2
What is the hundred thousands digit of 937897507?
8
What is the hundreds digit of 3570026206?
2
What is the units digit of 3219001227?
7
What is the millions digit of 60139397?
0
What is the thousands digit of 3474917183?
7
What is the ten millions digit of 43953067?
4
What is the units digit of 32092907?
7
What is the tens digit of 73617989?
8
What is the units digit of 341129963?
3
What is the millions digit of 39356881?
9
What is the tens digit of 2091295546?
4
What is the hundred thousands digit of 465874543?
8
What is the ten thousands digit of 2095512?
9
What is the hundred millions digit of 159196565?
1
What is the ten millions digit of 10136086?
1
What is the tens digit of 279608073?
7
What is the millions digit of 407404032?
7
What is the hundreds digit of 6495803?
8
What is the tens digit of 10870071?
7
What is the hundred thousands digit of 38723767?
7
What is the hundreds digit of 1652317228?
2
What is the hundred thousands digit of 86385536?
3
What is the ten thousands digit of 954250151?
5
What is the thousands digit of 28371633?
1
What is the billions digit of 4102992754?
4
What is the tens digit of 19054026?
2
What is the units digit of 4408056337?
7
What is the thousands digit of 1047776733?
6
What is the ten thousands digit of 135428158?
2
What is the millions digit of 4029565?
4
What is the units digit of 11967977?
7
What is the thousands digit of 347330801?
0
What is the hundred millions digit of 610013000?
6
What is the hundreds digit of 961619757?
7
What is the tens digit of 146836597?
9
What is the thousands digit of 594046179?
6
What is the hundreds digit of 23787000?
0
What is the thousands digit of 13826656?
6
What is the thousands digit of 1995038384?
8
What is the tens digit of 2538022812?
1
What is the units digit of 31188272?
2
What is the hundred thousands digit of 24732763?
7
What is the ten thousands digit of 55751340?
5
What is the thousands digit of 997434913?
4
What is the units digit of 109808657?
7
What is the ten millions digit of 597392778?
9
What is the hundred millions digit of 222893719?
2
What is the hundreds digit of 110004482?
4
What is the tens digit of 38897165?
6
What is the units digit of 637769459?
9
What is the tens digit of 1861062271?
7
What is the hundreds digit of 1131010349?
3
What is the thousands digit of 37998854?
8
What is the ten thousands digit of 148574625?
7
What is the hundred thousands digit of 45756275?
7
What is the units digit of 65862726?
6
What is the millions digit of 344536112?
4
What is the thousands digit of 1814641845?
1
What is the billions digit of 4054354678?
4
What is the millions digit of 31527055?
1
What is the hundred millions digit of 245575727?
2
What is the hundreds digit of 2639262694?
6
What is the units digit of 742563?
3
What is the thousands digit of 986265620?
5
What is the hundred millions digit of 410332188?
4
What is the tens digit of 2222547100?
0
What is the ten millions digit of 2194363291?
9
What is the millions digit of 322568785?
2
What is the tens digit of 3542262474?
7
What is the hundreds digit of 20170025?
0
What is the hundreds digit of 4033872640?
6
What is the hundred thousands digit of 294428038?
4
What is the units digit of 3125563459?
9
What is the tens digit of 769087256?
5
What is the ten thousands digit of 17548125?
4
What is the hundreds digit of 1290255262?
2
What is the hundred thousands digit of 238028365?
0
What is the thousands digit of 46572637?
2
What is the millions digit of 34155065?
4
What is the ten thousands digit of 17209388?
0
What is the hundred thousands digit of 398300253?
3
What is the hundred thousands digit of 147364673?
3
What is the billions digit of 2832456256?
2
What is the hundreds digit of 1023372165?
1
What is the thousands digit of 316535546?
5
What is the thousands digit of 5880227011?
7
What is the thousands digit of 218704303?
4
What is the millions digit of 18945607?
8
What is the hundred thousands digit of 9267895428?
8
What is the tens digit of 244049456?
5
What is the units digit of 281442207?
7
What is the hundred millions digit of 610175883?
6
What is the hundreds digit of 2837125679?
6
What is the hundred thousands digit of 27148755?
1
What is the hundred millions digit of 353857083?
3
What is the hundred thousands digit of 5790031140?
0
What is the hundred thousands digit of 43499260?
4
What is the hundreds digit of 48813798?
7
What is the ten millions digit of 17608492?
1
What is the thousands digit of 3491366132?
6
What is the units digit of 2806350534?
4
What is the millions digit of 212527451?
2
What is the ten thousands digit of 113263307?
6
What is the millions digit of 35860167?
5
What is the millions digit of 91890427?
1
What is the ten thousands digit of 99479992?
7
What is the billions digit of 1291852171?
1
What is the millions digit of 159512621?
9
What is the hundreds digit of 2915862552?
5
What is the millions digit of 216292951?
6
What is the ten thousands digit of 1839975744?
7
What is the billions digit of 3229342482?
3
What is the thousands digit of 28120044?
0
What is the hundred thousands digit of 124720322?
7
What is the ten thousands digit of 7641949?
4
What is the thousands digit of 87096539?
6
What is the tens digit of 911971475?
7
What is the tens digit of 102279299?
9
What is the thousands digit of 16334792?
4
What is the thousands digit of 1746261550?
1
What is the ten millions digit of 1748764200?
4
What is the ten millions digit of 315757975?
1
What is the ten millions digit of 1545730884?
4
What is the hundred thousands 